                                        
                                        
                                        
                                        
                                        
                                        
                                        
                                        
                                        
                                        
                                        
                                        
                                        
                                        
                                        
                                        
                                        
                                        
{"version":"1.0","provider_name":"Oriamendi 2010","provider_url":"https:\/\/oriamendi.eus\/es\/","title":"Empec\u00e9 al remonte gracias a mi hermano | Oriamendi 2010","type":"rich","width":600,"height":338,"html":"<blockquote class=\"wp-embedded-content\" data-secret=\"Lv7Gs7q3Yx\"><a href=\"https:\/\/oriamendi.eus\/es\/2020\/07\/16\/empecial-remonte-gracias-hermano-aitor-zaldua-remonte\/\">Empec\u00e9 al remonte gracias a mi hermano<\/a><\/blockquote><iframe sandbox=\"allow-scripts\" security=\"restricted\" src=\"https:\/\/oriamendi.eus\/es\/2020\/07\/16\/empecial-remonte-gracias-hermano-aitor-zaldua-remonte\/embed\/#?secret=Lv7Gs7q3Yx\" width=\"600\" height=\"338\" title=\"\u00abEmpec\u00e9 al remonte gracias a mi hermano\u00bb \u2014 Oriamendi 2010\" data-secret=\"Lv7Gs7q3Yx\" frameborder=\"0\" marginwidth=\"0\" marginheight=\"0\" scrolling=\"no\" class=\"wp-embedded-content\"><\/iframe><script type=\"text\/javascript\">\n\/* <![CDATA[ *\/\n\/*! This file is auto-generated *\/\n!function(d,l){\"use strict\";l.querySelector&&d.addEventListener&&\"undefined\"!=typeof URL&&(d.wp=d.wp||{},d.wp.receiveEmbedMessage||(d.wp.receiveEmbedMessage=function(e){var t=e.data;if((t||t.secret||t.message||t.value)&&!\/[^a-zA-Z0-9]\/.test(t.secret)){for(var s,r,n,a=l.querySelectorAll('iframe[data-secret=\"'+t.secret+'\"]'),o=l.querySelectorAll('blockquote[data-secret=\"'+t.secret+'\"]'),c=new RegExp(\"^https?:$\",\"i\"),i=0;i<o.length;i++)o[i].style.display=\"none\";for(i=0;i<a.length;i++)s=a[i],e.source===s.contentWindow&&(s.removeAttribute(\"style\"),\"height\"===t.message?(1e3<(r=parseInt(t.value,10))?r=1e3:~~r<200&&(r=200),s.height=r):\"link\"===t.message&&(r=new URL(s.getAttribute(\"src\")),n=new URL(t.value),c.test(n.protocol))&&n.host===r.host&&l.activeElement===s&&(d.top.location.href=t.value))}},d.addEventListener(\"message\",d.wp.receiveEmbedMessage,!1),l.addEventListener(\"DOMContentLoaded\",function(){for(var e,t,s=l.querySelectorAll(\"iframe.wp-embedded-content\"),r=0;r<s.length;r++)(t=(e=s[r]).getAttribute(\"data-secret\"))||(t=Math.random().toString(36).substring(2,12),e.src+=\"#?secret=\"+t,e.setAttribute(\"data-secret\",t)),e.contentWindow.postMessage({message:\"ready\",secret:t},\"*\")},!1)))}(window,document);\n\/* ]]> *\/\n<\/script>\n","thumbnail_url":"https:\/\/oriamendi.eus\/wp-content\/uploads\/2020\/07\/Aitor-Zaldua.jpg","thumbnail_width":1200,"thumbnail_height":1200,"description":"Aitor Zaldua cumplir\u00e1 30 a\u00f1os el pr\u00f3ximo 18 de noviembre, pero justo cuatro meses antes, este s\u00e1bado 18 de julio, debutar\u00e1 como profesional en el front\u00f3n Galarreta de Hernani. Este donostiarra de 29 a\u00f1os juega de delantero y es hermano de otro remontista profesional, de Ibon Zaldua. &#8211; \u00bfQu\u00e9 sensaciones tiene antes del debut?\u00a0&#8211; Tengo [&hellip;]"}

Empecé al remonte gracias a mi hermano | Oriamendi 2010

<blockquote class="wp-embedded-content" data-secret="Lv7Gs7q3Yx"><a href="https://oriamendi.eus/es/2020/07/16/empecial-remonte-gracias-hermano-aitor-zaldua-remonte/">Empecé al remonte gracias a mi hermano</a></blockquote><iframe sandbox="allow-scripts" security="restricted" src="https://oriamendi.eus/es/2020/07/16/empecial-remonte-gracias-hermano-aitor-zaldua-remonte/embed/#?secret=Lv7Gs7q3Yx" width="600" height="338" title="«Empecé al remonte gracias a mi hermano» — Oriamendi 2010" data-secret="Lv7Gs7q3Yx" frameborder="0" marginwidth="0" marginheight="0" scrolling="no" class="wp-embedded-content"></iframe><script type="text/javascript">
/* <![CDATA[ */
/*! This file is auto-generated */
!function(d,l){"use strict";l.querySelector&&d.addEventListener&&"undefined"!=typeof URL&&(d.wp=d.wp||{},d.wp.receiveEmbedMessage||(d.wp.receiveEmbedMessage=function(e){var t=e.data;if((t||t.secret||t.message||t.value)&&!/[^a-zA-Z0-9]/.test(t.secret)){for(var s,r,n,a=l.querySelectorAll('iframe[data-secret="'+t.secret+'"]'),o=l.querySelectorAll('blockquote[data-secret="'+t.secret+'"]'),c=new RegExp("^https?:$","i"),i=0;i<o.length;i++)o[i].style.display="none";for(i=0;i<a.length;i++)s=a[i],e.source===s.contentWindow&&(s.removeAttribute("style"),"height"===t.message?(1e3<(r=parseInt(t.value,10))?r=1e3:~~r<200&&(r=200),s.height=r):"link"===t.message&&(r=new URL(s.getAttribute("src")),n=new URL(t.value),c.test(n.protocol))&&n.host===r.host&&l.activeElement===s&&(d.top.location.href=t.value))}},d.addEventListener("message",d.wp.receiveEmbedMessage,!1),l.addEventListener("DOMContentLoaded",function(){for(var e,t,s=l.querySelectorAll("iframe.wp-embedded-content"),r=0;r<s.length;r++)(t=(e=s[r]).getAttribute("data-secret"))||(t=Math.random().toString(36).substring(2,12),e.src+="#?secret="+t,e.setAttribute("data-secret",t)),e.contentWindow.postMessage({message:"ready",secret:t},"*")},!1)))}(window,document);
/* ]]> */
</script>

Aitor Zaldua cumplirá 30 años el próximo 18 de noviembre, pero justo cuatro meses antes, este sábado 18 de julio, debutará como profesional en el frontón Galarreta de Hernani. Este donostiarra de 29 años juega de delantero y es hermano de otro remontista profesional, de Ibon Zaldua. &#8211; ¿Qué sensaciones tiene antes del debut? &#8211; Tengo [&hellip;]
