                                        
                                        
                                        
                                        
                                        
                                        
                                        
                                        
                                        
                                        
                                        
                                        
                                        
                                        
                                        
                                        
                                        
                                        
{"version":"1.0","provider_name":"Oriamendi 2010","provider_url":"https:\/\/oriamendi.eus\/es\/","title":"\u00a1Vuelve galarreta, vuelve el remonte! | Oriamendi 2010","type":"rich","width":600,"height":338,"html":"<blockquote class=\"wp-embedded-content\" data-secret=\"BdroOTeS2Y\"><a href=\"https:\/\/oriamendi.eus\/es\/2020\/05\/17\/vuelve-galarreta-vuelve-remonte\/\">\u00a1Vuelve galarreta, vuelve el remonte!<\/a><\/blockquote><iframe sandbox=\"allow-scripts\" security=\"restricted\" src=\"https:\/\/oriamendi.eus\/es\/2020\/05\/17\/vuelve-galarreta-vuelve-remonte\/embed\/#?secret=BdroOTeS2Y\" width=\"600\" height=\"338\" title=\"\u00ab\u00a1Vuelve galarreta, vuelve el remonte!\u00bb \u2014 Oriamendi 2010\" data-secret=\"BdroOTeS2Y\" frameborder=\"0\" marginwidth=\"0\" marginheight=\"0\" scrolling=\"no\" class=\"wp-embedded-content\"><\/iframe><script type=\"text\/javascript\">\n\/* <![CDATA[ *\/\n\/*! This file is auto-generated *\/\n!function(d,l){\"use strict\";l.querySelector&&d.addEventListener&&\"undefined\"!=typeof URL&&(d.wp=d.wp||{},d.wp.receiveEmbedMessage||(d.wp.receiveEmbedMessage=function(e){var t=e.data;if((t||t.secret||t.message||t.value)&&!\/[^a-zA-Z0-9]\/.test(t.secret)){for(var s,r,n,a=l.querySelectorAll('iframe[data-secret=\"'+t.secret+'\"]'),o=l.querySelectorAll('blockquote[data-secret=\"'+t.secret+'\"]'),c=new RegExp(\"^https?:$\",\"i\"),i=0;i<o.length;i++)o[i].style.display=\"none\";for(i=0;i<a.length;i++)s=a[i],e.source===s.contentWindow&&(s.removeAttribute(\"style\"),\"height\"===t.message?(1e3<(r=parseInt(t.value,10))?r=1e3:~~r<200&&(r=200),s.height=r):\"link\"===t.message&&(r=new URL(s.getAttribute(\"src\")),n=new URL(t.value),c.test(n.protocol))&&n.host===r.host&&l.activeElement===s&&(d.top.location.href=t.value))}},d.addEventListener(\"message\",d.wp.receiveEmbedMessage,!1),l.addEventListener(\"DOMContentLoaded\",function(){for(var e,t,s=l.querySelectorAll(\"iframe.wp-embedded-content\"),r=0;r<s.length;r++)(t=(e=s[r]).getAttribute(\"data-secret\"))||(t=Math.random().toString(36).substring(2,12),e.src+=\"#?secret=\"+t,e.setAttribute(\"data-secret\",t)),e.contentWindow.postMessage({message:\"ready\",secret:t},\"*\")},!1)))}(window,document);\n\/* ]]> *\/\n<\/script>\n","thumbnail_url":"https:\/\/oriamendi.eus\/wp-content\/uploads\/2020\/07\/vuelve-galarreta-vuelve-el-remonte.jpg","thumbnail_width":1200,"thumbnail_height":840,"description":"Vuelve el mejor remonte al front\u00f3n Galarreta Jai-Alai. A partir de mediados de junio, todos los s\u00e1bados, podr\u00e1s disfrutar tanto en nuestro front\u00f3n como en directo en ETB1, del mejor remonte profesional. Todo de la mano de Oriamendi. Durante la siguiente quincena podr\u00e1s conocer cada d\u00eda a un pelotari del cuadro profesional, sus fotos, perfil\u2026 [&hellip;]"}

Vuelve el mejor remonte al frontón Galarreta Jai-Alai. A partir de mediados de junio, todos los sábados, podrás disfrutar tanto en nuestro frontón como en directo en ETB1, del mejor remonte profesional. Todo de la mano de Oriamendi. Durante la siguiente quincena podrás conocer cada día a un pelotari del cuadro profesional, sus fotos, perfil… [&hellip;]
